 4 = d. Suppose f - 2*y - 57 = -y, -104 = -g*f - 3*y. What is the tens digit of f?
5
Suppose 15193 - 171 = 7*q. What is the tens digit of q?
4
Suppose -18*a = -37*a + 5871. What is the units digit of a?
9
What is the hundreds digit of (-816)/(12/(-6)) + 6?
4
Let o = 465 - 232. Suppose 4*p - p - h = o, p = -2*h + 87. What is the tens digit of p?
7
Let k(c) = c**2 - 5*c - 4. Suppose -38 = w - 6*w - 4*s, 0 = -w - 4*s + 14. Let h be k(w). Suppose -18 = -h*f + 50. What is the tens digit of f?
3
Suppose 0 = -155*h + 161*h - 4116. What is the hundreds digit of h?
6
Suppose 3*x = 2*s + 11, -3*s - 1 = 2*x - 17. Let c = -2 + x. What is the tens digit of ((-26)/c)/(9/(-27))?
2
Suppose 4118 = 21*g + 1094. What is the units digit of g?
4
Let m(k) = k**3 + k**2 + k + 44. Let d be m(0). Let y be (-2)/(-8) - 28/(-16). Suppose -4*c = r + 4*r - 248, y*c = r - d. What is the units digit of r?
8
What is the tens digit of (176/33)/(6/1845 + 0)?
4
Suppose -3*v = -5*o - 5, -9 = -v + 4*o + 2. Let z be 6/15 - 193/v. What is the units digit of 72/z - (-8)/52?
2
Suppose -4*c + 3868 = 5*b, 2882 = 3*c + b - 2*b. What is the hundreds digit of c?
9
Let g(s) = -64*s - 2. Suppose -5*c - 12 + 7 = 0. What is the tens digit of g(c)?
6
Suppose 4*i = 4, 5*a + 3*i + 0*i - 19263 = 0. Let w be (-2)/(-8) + a/(-48). What is the units digit of (-6)/4*w/15?
8
Let j = 265 + 51. Suppose -168 = -5*c + 4*c + 4*k, -j = -2*c + 4*k. What is the tens digit of c?
4
Let b(k) = k**2 + 4*k + 5. Let p be b(-2). Suppose 0 = -3*i + p + 116. What is the tens digit of i?
3
What is the thousands digit of ((-316224)/(-21))/4 - 3/(-7)?
3
Let y(l) = -8 - 3 + 11*l - 8 - l**2 + 9*l. What is the units digit of y(15)?
6
Suppose 2*g = -5*c + 941, -g = 4*g - 3*c - 2275. What is the tens digit of g?
5
Suppose -2*f + 21 = 3*y + 3, 0 = -4*f - 2*y + 52. Let m be -3 + 2 + f + -1. What is the units digit of (-4)/(-8)*(m + 1)?
7
What is the tens digit of -2 + (328/16)/((-1)/(-2))?
3
Let b be (-2)/((-8)/2) - 2066/4. Let f = b + 735. What is the hundreds digit of f?
2
Let q(m) = -2*m**2 + 10*m - 5. Let t be q(4). Suppose 2*j = -j + 15, 105 = t*v + 3*j. What is the tens digit of v?
3
Let n be (-172)/(-10) - (-1 + 3/15). Suppose -4*c + 1102 + n = 0. What is the tens digit of c?
8
Let s(h) = h - 4. Let b be s(7). Let c(o) = 5*o**3 + 4*o**2 + o - 7. What is the units digit of c(b)?
7
Let h(x) = x**3 - x**2 + 21. Let i be h(0). Suppose -3*q + i - 9 = 0. Suppose 0 = -q*r - 6 + 230. What is the tens digit of r?
5
Let h be -8 + (3 - -1) - 33. Let d = 94 + h. What is the tens digit of d?
5
Let b = 50 + -103. What is the units digit of (-6 - -8) + b/(-1)?
5
Let p(h) = -h + 73. Let m be (8/(-6) + 1)*0. What is the units digit of p(m)?
3
Let w(v) be the first derivative of -v**2 + 81*v + 6. What is the tens digit of w(0)?
8
What is the units digit of 2/27 - (-2562672)/2268?
0
Let f = -8 - -10. Suppose 0 = 5*x - f*x + 42. What is the tens digit of 0 - 3/3 - x?
1
Let u be (-8)/12 + 6/9. Suppose 4*d - 276 = -u*d. What is the tens digit of d/(-2)*12/(-18)?
2
Let a(v) = v**3 + 23*v**2 - 2*v + 10. What is the tens digit of a(5)?
0
Let x = -9 - -5. Let k = 6 + x. Let b = k - -2. What is the units digit of b?
4
Suppose 6 = 3*q - 6. Suppose -4 = -q*i + 4. Suppose -3*o + 245 = i*o. What is the units digit of o?
9
Let r(w) = w**2 - 35*w + 35. What is the units digit of r(-17)?
9
Let s(i) = -i**3 - 9*i**2 + 7*i - 15. Let h be s(-10). Let a = h - 6. What is the units digit of a?
9
Let q(b) = 4*b**2 - 15*b - 20. What is the hundreds digit of q(-7)?
2
Let i(l) = l**3 + 7*l**2 + 6*l - 5. Let k be i(-4). Let f = k - 13. What is the units digit of f?
6
Let j(k) be the third derivative of 7*k**5/20 - k**4/24 + k**2. Let b be j(1). What is the units digit of (19/4)/(5/b)?
9
Let m = 6 - 4. Suppose 5*d + 8 = 2*v, -v = m*v - 4*d - 12. Suppose n = v*n - 12. What is the units digit of n?
4
Suppose 2*i + 5*h = 1396, -5*i + 2887 = 3*h - 565. What is the units digit of i?
8
Suppose 96*u - 6*u = 468810. What is the tens digit of u?
0
Let y = -1202 + 2358. What is the tens digit of y?
5
Let q = 144 + -115. Suppose 5*f = 2*f + 9. What is the tens digit of (q - f)*(3 - 2)?
2
Let i(p) = p**2 - p - 16. Let n be i(5). Suppose 2*d + 4 = 0, n*d = -b - 19 + 59. What is the tens digit of b?
4
Suppose 6*s = -1375 + 22621. What is the thousands digit of s?
3
Let x(a) = a**2 - 3*a - 6. Let h(i) = -i**2 - 11*i - 5. Suppose -4*s + 3*s = -1, -5*l - s = 49. Let g be h(l). What is the units digit of x(g)?
4
What is the tens digit of ((-1)/(-2))/(4/3464 - 0)?
3
Suppose 5*q = 9 + 1. Let r(g) = 4 - 4 + 2*g**2 - 6*g - g**q. What is the tens digit of r(8)?
1
Let h = -66 - 11. Let f = h - -148. What is the units digit of f?
1
Let p = 382 + 1485. What is the units digit of p?
7
Let h be 1/3 - 35/(-21). Suppose 44 + 72 = h*w. What is the units digit of w?
8
Let i = 3022 - 742. What is the tens digit of i?
8
Let j(i) = -i**3 - 3*i**2 + 4*i. Let k be j(-4). Let h = 97 - k. What is the units digit of h?
7
Suppose 4*b + 2 - 22 = 0. Let w(g) = -b + 19*g - 7 - 4 + 7. What is the tens digit of w(3)?
4
Let i(u) be the second derivative of -u**5/20 + 7*u**4/12 + u**3 + 3*u**2/2 + 2*u. Let p be 18/(-4)*(4 + 112/(-21)). What is the units digit of i(p)?
5
Suppose m - 5*m + 6034 = 2*p, -1522 = -m + 4*p. What is the tens digit of m?
1
Suppose -3*x + 674 = -b, -2*x - b = -4*b - 447. What is the hundreds digit of x?
2
Let o = -25 - -3. Let x = o - -5. What is the units digit of -4*(-12)/16 - x?
0
Let z(a) = 29*a**2. Let d(b) = 7*b**2 + 3*b. Let g be d(3). Let v be g/(-48) + 1/2. What is the tens digit of z(v)?
2
What is the units digit of (-16456)/(-7) - (203/(-49) + 4)?
1
Let w be (55/60)/((-2)/(-8))*3. Suppose 16*c = w*c + 350. What is the units digit of c?
0
Suppose 23*g + 205 = 24*g + 2*j, 0 = -2*g - 5*j + 415. What is the units digit of g?
5
Let q(b) be the first derivative of -b**4/4 - 2*b**3/3 + b**2 - 2*b - 2. Let x be q(-5). Suppose 2*g - 5*g = -x. What is the units digit of g?
1
Suppose -25 = c + 4*z + 3, -2*c - 71 = 5*z. Let k = -19 - c. What is the tens digit of k?
2
Let v = 54 + -48. Suppose 0 = -8*n + v*n + 376. What is the units digit of n?
8
What is the hundreds digit of (-6604)/13*2/(-4)?
2
What is the hundreds digit of 136 - (4 - -3 - 13)?
1
Let m be ((-63)/(-36))/(1/4). Let j = 6 + m. Let q = j - -11. What is the tens digit of q?
2
Suppose -4 = 3*b + 2, -5364 = -4*s + 4*b. What is the thousands digit of s?
1
Let q be (-2)/7 - ((-4740)/(-21) - -2). Let c = -122 - q. What is the tens digit of c?
0
Suppose -10*z = -6*z - 2484. What is the units digit of z?
1
Let t be -3*(-3)/9*23. Let a = -20 + t. Suppose a*r = 6, -4*w + 86 = -5*r - 56. What is the tens digit of w?
3
Let j(f) = 6*f - 62. Let c be j(9). Let x(y) be the second derivative of -y**5/20 - 7*y**4/12 + 5*y**3/6 + 5*y**2 - y. What is the units digit of x(c)?
4
Suppose 11 - 1 = 2*s. Suppose 0 = s*h + 4*c - 681, -3*h + 4*h - 117 = 4*c. What is the hundreds digit of h?
1
Let v = 17 - 15. Let l be (-2 + 2)*v/4. Suppose l = -b + 3*b - 68. What is the tens digit of b?
3
Let m be (-8)/(-3)*(-24)/(-16). Suppose -c - 3*d = 13, 4*c = -2*d - 4 + 2. Suppose 0 = -a + 2*u + 41, c*u - 107 = a - m*a. What is the units digit of a?
7
Suppose -5*i = -2*m + 65, -5*m + 0 = 25. What is the units digit of ((-5)/(i/(-42)))/(-2)?
7
Let d(y) = 35*y**3 + 2*y**2 - 1. Let u be d(1). Suppose g + 3*g = -u. What is the units digit of (-2)/g*3*12?
8
Let y = -223 - -339. What is the units digit of y?
6
Suppose 33*c - 525 = 28*c. What is the units digit of c?
5
Suppose -125*q + 844 = -123*q. What is the units digit of q?
2
Suppose -2*r + s + 3*s + 10 = 0, 3*r = -4*s + 65. Let p = 60 + r. What is the tens digit of p?
7
Let y = -3 - -24. Let p = y + -38. Let q = p + 30. What is the tens digit of q?
1
Suppose 4*a - 76 = -2*f, -5*a + 32 - 7 = 0. Let y = f + -4. What is the tens digit of y?
2
Suppose 6 = 2*q - 6. Suppose 4*l + 3*t - 484 = 0, -t = -q*t - 20. What is the hundreds digit of l?
1
Let s = 10 + -10. Let b be 0 + -2 - (s + 0). What is the units digit of (2 - 0)*(-41)/b?
1
Suppose -5*n + 1645 = -3905. What is the tens digit of n?
1
Let u(o) = o**2 + 37. Let f be u(0). Let s = 77 - f. Suppose -6*t + 2*t = -s. What is the tens digit of t?
1
Suppose s + 3376 =